*i - 18. What is the remainder when 101 is divided by s?
50
Let b = 439 + -428. Calculate the remainder when 59 is divided by b.
4
Calculate the remainder when (-2)/(14/(-259))*5 is divided by 16.
9
Let b(f) = f**3 + 14*f**2 + 2*f + 4. What is the remainder when b(-6) is divided by 24?
16
Let w(z) = 6*z**3 + 3*z**2 - 10*z. What is the remainder when 181 is divided by w(2)?
21
Let q(v) = -2*v**2 + 18*v - 19. Let o be q(7). Suppose c = 5*l - 88, o = 2*l - 4*c - 19. Calculate the remainder when 33 is divided by l.
15
Let t = 64 - 53. Suppose t = 2*r - r. What is the remainder when 62 is divided by r?
7
Let b(o) = 46*o - 276. What is the remainder when b(32) is divided by 12?
8
Suppose h + 150 = 6*h. Suppose -4*v + 38 = -2*f, -2*v + 25 = f - 0. What is the remainder when h is divided by v?
8
Suppose -t + 20 - 3 = 0. Suppose -12*s + 773 + 547 = 0. Let w = 177 - s. Calculate the remainder when w is divided by t.
16
Let a be 4/(-8)*(-115 + -3)*-13. What is the remainder when 78 is divided by (1 - 2)/(-3) + a/(-39)?
18
Let l = 91 - 71. Let n(c) = -2*c + 6. Calculate the remainder when l is divided by n(0).
2
What is the remainder when 5 - 3 - 2 - 3 - -71 is divided by 24?
20
Let w = -207 - -323. Suppose -4*f + 3*k + w + 54 = 0, 4*f + 3*k = 182. What is the remainder when f is divided by 12?
8
Calculate the remainder when 12/15 + -1 - (-366)/5 is divided by 5.
3
Calculate the remainder when 642 is divided by (-3)/10*-434 + 3/(-15).
122
Let i = 6 + -3. Suppose 8*a - 145 = i*a. Calculate the remainder when -10*(21/(-2) + (2 - 0)) is divided by a.
27
Calculate the remainder when 76 is divided by ((-10)/3)/((-17)/102).
16
Let w = -44 + 87. Let o(y) = 126*y**3 + 3*y**2 - 3*y + 2. What is the remainder when o(1) is divided by w?
42
Let m(o) = 2*o**3 - 24*o**2 - 4*o - 185. What is the remainder when 183 is divided by m(13)?
82
Let v(r) = -7*r + 7 - 6 + r. Let x be v(-2). What is the remainder when 46 is divided by (-1)/(3/(-9)) + x?
14
Suppose 65*n = 66*n + 3. Suppose -2*q + 3 = -5*q. What is the remainder when 34 is divided by (-40)/(-4) + (q - n)?
10
Suppose 2*g + 23 = 3*g. Suppose 9*v - t - 290 = 4*v, 0 = 5*v + 2*t - 290. What is the remainder when v is divided by g?
12
Suppose 2*s = -s + 15. Suppose -57 = -s*p + 33. What is the remainder when (-2)/(-3) - (-422)/6 is divided by p?
17
Let v = -5 - 1. Suppose -2*s + l = -l - 120, 5*l + 80 = s. Calculate the remainder when s is divided by (-3)/(-2)*(-76)/v.
17
Let a(o) = -8*o + 3. Let z be a(-3). Let s be (21/(-2))/(21/28). Let f = s + z. Calculate the remainder when 24 is divided by f.
11
Suppose 6*f = 4*f - 3*o + 290, 5*f - 2*o = 763. Let l = 165 - f. What is the remainder when 31 is divided by l?
3
Suppose -2*s + 2 = z, -2*z - 17 = 2*z + 3*s. Let p = 10 + z. Suppose -p*r = 2*r - 52. Calculate the remainder when 36 is divided by r.
10
Suppose -7*b + 3*b = -80. Calculate the remainder when 14 is divided by b/2*4/8.
4
Let k be (98/(-21))/(6/9). Let p(q) = -2*q**3 - 13*q**2 + 6*q. What is the remainder when (9/(-4))/(1/(-8)) is divided by p(k)?
4
Suppose w - h = 171, w - 3*w + 339 = -h. Suppose 119 = 7*x - w. What is the remainder when 80 is divided by x?
39
Let h = -21 - -78. What is the remainder when h is divided by 21?
15
Let i(r) = r**2 + 26*r + 52. Let w = -120 + 96. What is the remainder when i(w) is divided by 3?
1
Suppose -3*i + 5 = 5*v, 5 = -i + 2*v - 7*v. Let x(o) be the second derivative of o**3/3 - o**2/2 - 2*o. Calculate the remainder when x(i) is divided by 4.
1
Suppose -4*l + l + 981 = 0. Suppose 7*r - 26 - 9 = 0. Calculate the remainder when 33 is divided by r/(-30) - l/(-18).
15
Let z(o) = -o - 23. What is the remainder when 3/(-6) + 123/2 is divided by z(-39)?
13
Suppose 5*r - 59 = 206. Calculate the remainder when 1/(1 - 52/r) is divided by 28.
25
Suppose 2*i + 4 = 2*g, 4*i = 3*g + 2*g - 13. Suppose 0 = -3*s + 2*w + 111, 2*w - g*w = 2*s - 87. Let k = 10 + 0. Calculate the remainder when s is divided by k.
9
Let n = -108 + 177. Calculate the remainder when n is divided by 27.
15
Suppose -5*z + 8*z - 183 = 0. What is the remainder when 667 is divided by z?
57
Suppose 0 = 20*r - 519 - 101. Calculate the remainder when 1051 is divided by r.
28
Suppose 4*i - 3*c = 257, -i - 4*c + 83 = -c. Calculate the remainder when i is divided by 23.
22
Let m(j) = -j**3 - 2*j**2 + j + 2. Let n be m(-2). Suppose -c + 4*z + n = -6, 72 = 5*c + z. Let a = 650 + -625. Calculate the remainder when a is divided by c.
11
Let r = -26 + 48. Suppose 0 = 45*s - 32*s - 2535. Calculate the remainder when s is divided by r.
19
Suppose 5*f - 3*d + 1 = 48, -4*d = f + 9. What is the remainder when (-3 - (-3 + 1 - 0)) + 23 is divided by (16*1)/(-5 + f)?
6
Let q be (-9)/18 - 55/(-2). Suppose -5*j - 3*s - 2*s + 75 = 0, -j - 5*s + 19 = 0. What is the remainder when (q/18)/(9/330 + 0) is divided by j?
13
Suppose -3*n = 4*i - 121, -5*n + 217 = -0*i - i. Calculate the remainder when n is divided by 22.
21
Let u be 2/(-3)*12/(-4). Calculate the remainder when 33 is divided by 12*((-4)/(-2))/u.
9
Suppose -11 = a - 35. Let l = a + -17. Calculate the remainder when 30 is divided by 8 - l - 14/(-2).
6
Calculate the remainder when 38 is divided by (-368)/(-24) + 2/(6*-1).
8
Suppose 2*h - 4*p = 14, 5*h - 6*p - 28 = -3*p. Suppose 2*o = -3*n - o + 36, -3*n + 4 = -h*o. Let z = 40 - 19. Calculate the remainder when z is divided by n.
5
What is the remainder when (8/3)/((-8)/(-96)) is divided by 23?
9
Let i(y) = y**3 + 13*y**2 - 3*y - 34. Let n be i(-13). Suppose -n*b + 2*m = -0*b - 123, -b - 4*m = -29. Calculate the remainder when 122 is divided by b.
22
Suppose 37*m = 47*m - 180. What is the remainder when 51 is divided by m?
15
Suppose -13*l - 9*l = -3102. Calculate the remainder when l is divided by 12.
9
Suppose k = -k + 2*t + 4, 0 = k + 5*t - 14. Calculate the remainder when 3 + (1 - k) + 73 is divided by 37.
36
Let j be (2 + -1 - 2)*-2. Let q(g) = 11*g**2 - 3*g + 2. Calculate the remainder when q(j) is divided by (-105)/(-6)*6/5.
19
Suppose 0 = 3*r - 15, -9*a - 5*r + 69 = -8*a. Suppose 0 = 2*c - 0*c - 18. What is the remainder when a is divided by c?
8
Let i = 49 + -110. Let j = i + 93. What is the remainder when j is divided by 20?
12
Let f(g) = -g**3 - 6*g**2 - 5*g + 4. Let y be f(-4). Let q(z) = -10*z + 6. Let u(a) = 7*a**2 - 3*a. Calculate the remainder when q(y) is divided by u(2).
20
Suppose -2*i - c + 67 = -71, -5*i = -4*c - 371. Calculate the remainder when 294 is divided by i.
10
Let z = 27 - 10. Let v = -14 + z. Calculate the remainder when 9 is divided by v.
0
Let g(k) = 2*k**3 - k + 2. Let l be g(0). Suppose w = l*w - 102. What is the remainder when w is divided by 15?
12
Let s(d) = 4*d - 4*d + 0*d + 1 - d. Let j be s(-5). Suppose -m = -j*m + 60. Calculate the remainder when 22 is divided by m.
10
Suppose 4*q - 37 = 63. Let f be 2/8 - (-95)/20. Suppose 6*b - 2*b = -f*j + 73, -16 = -2*j + 5*b. What is the remainder when q is divided by j?
12
Let x be 7/1 + 2/2. Calculate the remainder when 28 is divided by 60/x - 2/(-4).
4
Let i be (5 + -2)*3*6/(-27). Let x(c) = -14*c - 2. Calculate the remainder when 101 is divided by x(i).
23
Suppose 0 = -3*p + o + 53, 0 = -4*p + 5*o - o + 68. Let q = 128 + -60. Suppose u - q = x + 3, -197 = -3*u - 5*x. Calculate the remainder when u is divided by p.
15
Suppose -d + 67 = 3*x, -15*d = -14*d - 4*x - 60. What is the remainder when 1533 is divided by d?
61
Let d(o) = -103*o + 564. Calculate the remainder when d(-10) is divided by 76.
74
Let n be (-50)/10*(-3)/5. Let v(a) = 16*a - 6. Let y be v(n). Let f = -20 + y. What is the remainder when f is divided by 8?
6
Let v = -73 - -176. Suppose -2*t + v = -t. Suppose 51 = 2*k - t. What is the remainder when k is divided by 20?
17
Suppose -10*t + 550 = -100. What is the remainder when 126 is divided by t?
61
Let q be (-75)/12*-2*8. Suppose 0*d - 5*d = i - 195, q = 3*d + 4*i. What is the remainder when d is divided by 21?
19
Suppose -3*f = -m + 26, 175*f = m + 178*f - 8. What is the remainder when 126 is divided by m?
7
Suppose 4*i + 2*y - 433 = 5*y, i - 115 = 3*y. What is the remainder when i is divided by 4?
2
Let o(h) = 2*h**2 + 5*h - 61. What is the remainder when 158 is divided by o(6)?
35
Suppose 0 = 3*u - 692 + 611. Calculate the remainder wh